
{"id":6157,"date":"2024-10-22T16:25:23","date_gmt":"2024-10-22T19:25:23","guid":{"rendered":"https:\/\/famlyfortino.com.ar\/motos\/?post_type=product&#038;p=6157"},"modified":"2024-11-04T14:57:44","modified_gmt":"2024-11-04T17:57:44","slug":"guantes-hawk-nigth-rider-black","status":"publish","type":"product","link":"https:\/\/famlyfortino.com.ar\/motos\/producto\/guantes-hawk-nigth-rider-black\/","title":{"rendered":"GUANTES HAWK  NIGTH RIDER BLACK"},"content":{"rendered":"<h5>GUANTE HAWK NIGHT RIDER BLACK<\/h5>\n<p>Tipo: Full Finger<br \/>\nCuentan con tecnolog\u00eda Touch Screen dedo t\u00e1ctil para pantallas, protectores de nudillos y falanges, que refuerzan las zonas m\u00e1s afectadas si se sufre un accidente. Materiales de alto rendimiento, con excelente calce, para resguardar de las bajas temperaturas. Excelente aislamiento y elasticidad de neoprene, para bloquear el clima h\u00famedo y fr\u00edo, manteniendo la destreza y control de la moto.<\/p>\n","protected":false},"excerpt":{"rendered":"<p>GUANTE HAWK NIGHT RIDER BLACK Tipo: Full Finger Cuentan con tecnolog\u00eda Touch Screen dedo t\u00e1ctil para pantallas, protectores de nudillos y falanges, que refuerzan las zonas m\u00e1s afectadas si se sufre un accidente. Materiales de alto rendimiento, con excelente calce, para resguardar de las bajas temperaturas. Excelente aislamiento y elasticidad de neoprene, para bloquear el&#8230;<\/p>\n","protected":false},"featured_media":6163,"template":"","meta":[],"product_brand":[],"product_cat":[242],"product_tag":[199,198,243],"class_list":{"0":"post-6157","1":"product","2":"type-product","3":"status-publish","4":"has-post-thumbnail","6":"product_cat-guantes","7":"product_tag-equipamiento","8":"product_tag-frio","9":"product_tag-guantes","11":"first","12":"instock","13":"sold-individually","14":"shipping-taxable","15":"purchasable","16":"product-type-variable"},"_links":{"self":[{"href":"https:\/\/famlyfortino.com.ar\/motos\/wp-json\/wp\/v2\/product\/6157","targetHints":{"allow":["GET"]}}],"collection":[{"href":"https:\/\/famlyfortino.com.ar\/motos\/wp-json\/wp\/v2\/product"}],"about":[{"href":"https:\/\/famlyfortino.com.ar\/motos\/wp-json\/wp\/v2\/types\/product"}],"wp:featuredmedia":[{"embeddable":true,"href":"https:\/\/famlyfortino.com.ar\/motos\/wp-json\/wp\/v2\/media\/6163"}],"wp:attachment":[{"href":"https:\/\/famlyfortino.com.ar\/motos\/wp-json\/wp\/v2\/media?parent=6157"}],"wp:term":[{"taxonomy":"product_brand","embeddable":true,"href":"https:\/\/famlyfortino.com.ar\/motos\/wp-json\/wp\/v2\/product_brand?post=6157"},{"taxonomy":"product_cat","embeddable":true,"href":"https:\/\/famlyfortino.com.ar\/motos\/wp-json\/wp\/v2\/product_cat?post=6157"},{"taxonomy":"product_tag","embeddable":true,"href":"https:\/\/famlyfortino.com.ar\/motos\/wp-json\/wp\/v2\/product_tag?post=6157"}],"curies":[{"name":"wp","href":"https:\/\/api.w.org\/{rel}","templated":true}]}}